 2*g**2 - 9*g - 21. Let j(u) = 6*b(u) + 11*v(u). What is j(0)?
-5
Let u(d) be the third derivative of -d**4/12 + 5*d**3/6 + 6*d**2. Let i be u(4). Let c(f) = -3*f - 4. What is c(i)?
5
Suppose -58*s = -56*s + 4. Let y(z) = -z**3 - z**2 + z. What is y(s)?
2
Let g(c) = c + 4. Let b be g(4). Let f(d) = d**3 - 7*d**2 - 8*d - 6. Calculate f(b).
-6
Let i(d) = d**2 + 5*d + 9. Let j(k) = -k - 1. Let q(r) = i(r) + 6*j(r). Calculate q(3).
9
Let j(x) = -2*x**2 - 3*x. Let t = 49 + -51. Give j(t).
-2
Let k(v) = 10*v**3 + v**2 - 1. Suppose 8 = -8*f + 16*f. Give k(f).
10
Let z(h) be the first derivative of h**2 + 1/3*h**3 + h - 2*h**4 - 1. Determine z(-1).
8
Let b(k) be the first derivative of k**4/12 - 2*k**3/3 + k**2 + 3*k - 7. Let y(q) be the first derivative of b(q). Calculate y(3).
-1
Let m(o) be the second derivative of -o**4/24 + o**2/2 + o. Let j(a) be the first derivative of m(a). Let t be (-3)/(-1) + (-4)/4. Give j(t).
-2
Let n(o) = -2*o - 3. Let m be n(-8). Let r = -1 + m. Suppose -5*w = 4*u - 36, 0*u - w + r = 2*u. Let i(x) = x**3 - 4*x**2 - 3. Determine i(u).
-3
Suppose 8 = 4*s, -2*t - s - 7 + 21 = 0. Let y(h) = -3*h + 5. Calculate y(t).
-13
Let a = -17 + 19. Let l(b) be the first derivative of -b**2/2 + 1. Give l(a).
-2
Let s(o) be the second derivative of -o**3/6 - o**2/2 - 21*o. Calculate s(-9).
8
Let n(t) = 2*t**3 + 5*t**2 + t - 9. Let g(w) = w**3 + 3*w**2 + w - 5. Let f(d) = -7*g(d) + 4*n(d). Calculate f(3).
8
Let b(w) = -w**3 - 7*w**2 - 6*w - 3. Let c(q) = 2*q**3 + 15*q**2 + 13*q + 7. Let o(s) = 5*b(s) + 2*c(s). Give o(-3).
-7
Let f(o) = 7*o - 13. Let j(z) = z - 1. Let p(x) = -f(x) + 6*j(x). Calculate p(0).
7
Let k(r) = r**2 - 5*r - 1. Let y(c) = -c**2 + 5*c + 5. Let n be y(5). Suppose -6*i + 15 = -i - 5*w, -5*w = n*i - 25. Give k(i).
-5
Suppose -o + 2*o = 0. Suppose -5*i - 5*j - 40 = o, -3*i + 3 - 9 = -3*j. Let c(p) be the second derivative of p**3/3 + p**2/2 + p. What is c(i)?
-9
Suppose d - 5*d - 24 = 0. Let u(o) = -2*o - 7. Calculate u(d).
5
Let u(a) = -a**3 - a**2 + 2*a + 1. Let w be (20/(-4) - 0)*-1. Suppose -4*k + z = -k - 3, -w*z + 5 = -5*k. Give u(k).
-7
Suppose 3*k - 5*v + 12 + 20 = 0, v + 12 = -4*k. Let j(a) = -a**3 - 4*a**2 + 2*a + 4. What is j(k)?
-4
Suppose 21 = -2*m + 5*m. Let z(a) = -3*a**2 + m*a + 4*a**2 + 0*a**2 + 6. Determine z(-5).
-4
Let o(f) = f**3 - 7*f**2 + 6*f + 2. Let m be o(6). Let d(h) = h**3 - 3*h**2 + 4*h - 2. Let q be d(2). Let l(k) = 0*k - m*k - k - q + 6*k. Calculate l(-2).
-8
Let r(u) = 6*u. Let n be r(1). Let z be (n/9)/((-1)/3). Let b be (2/(-1) - z)*-1. Let a(s) = s**3 + s**2 - s - 1. Give a(b).
-1
Let b = 7 - 4. Let v(q) = 0 + 5 + 2 - b + q. Calculate v(5).
9
Let k(o) = o + 7. Let z(s) = -s**2 - 6*s - 5. Let h be z(-6). Let n be k(h). Suppose -2*m = n*m. Let l(g) = -g**3 - 8. Give l(m).
-8
Let u(i) = 0*i - i - i**3 + 0*i**3 - 1156 + 1161. Give u(0).
5
Let q = -39 + 65. Suppose -2*f + q = -2*v, -4 = 4*v + 12. Let c(t) = -4*t**3 - 1 + 4*t**3 + f*t**3 - t**2 + 2*t. Calculate c(1).
9
Let j be (3*(-10)/(-3))/2. Let u be (-1 + 0 + -5)/(-1). Let t = u - j. Let p(l) = 2*l**3 + 2*l**2 - l. Calculate p(t).
3
Let l(c) = -c**3 + 6*c**2 - 3*c - 2. Let a(b) = -5*b - 42. Let p be a(-9). Give l(p).
16
Suppose 2*b = -10 - 0. Let d = -1 - -3. Let p(x) = -x**d - x + 0*x - 2*x - 2*x. What is p(b)?
0
Let l(z) = -z**2 - 1. Let g = -14 + 15. Let s(u) = -u**3 + 3*u**2 - 3*u - 5. Let y(r) = g*l(r) - s(r). Let h(k) = k + 3. Let i be h(0). Calculate y(i).
4
Let m(n) be the first derivative of -5*n**2/2 + n - 9. Calculate m(2).
-9
Let u(o) = 60*o**2 - 4*o - o**3 + 5 - 5 - 54*o**2. Give u(5).
5
Let i(m) = m**2 - 9*m + 9. Let h = -38 - -45. Determine i(h).
-5
Let b(s) = 259*s - 119. Let l(v) = 13*v - 6. Let z(y) = 6*b(y) - 119*l(y). Let w be (-2)/(-4) + (-9)/(-6). Give z(w).
14
Let z be ((-2)/(-1))/(-1 - 0). Let n(p) be the third derivative of 0 + 0*p**4 + p**2 + 1/6*p**3 - 1/30*p**5 + 0*p. Calculate n(z).
-7
Let d(r) be the second derivative of -r**3/6 + 5*r**2 + 4*r. Let q be d(6). Let n(x) = x**2 - 3*x + 1. Determine n(q).
5
Suppose 3*j - 30 = -2*j. Let m(v) = v**3 - 7*v**2 + 5*v + 4. Give m(j).
-2
Let q(p) = -p**2 - 6*p + 8. Let j(t) = 5*t**2 - 2*t - 5. Let f(v) = v**2. Let x(r) = 4*f(r) - j(r). Let n be x(4). Let y be -8*((-18)/8)/n. Calculate q(y).
8
Let m be (0 + 2 + -2)/1. Let g(v) = v**3 - v**2 + 1. Let n be g(m). Let y(i) be the first derivative of i**2/2 + i + 10. Give y(n).
2
Let s(g) = g**2 + 4*g + 2. Let k = -21 - -31. Let x be ((-12)/k)/(2/5). Give s(x).
-1
Let n(o) = o - 7. Let v(i) = i**2 - 2*i - 5. Let u be v(6). Suppose -4*r - 1 - u = 0, -5*d - r = -20. Determine n(d).
-2
Let f be 1*9/240*8/18. Let d(s) be the third derivative of 0 + 2*s**2 + 0*s**3 - 1/15*s**5 - f*s**6 + 0*s - 1/8*s**4. Determine d(-2).
6
Let d(c) be the first derivative of -c**2/2 + c - 7. What is d(-1)?
2
Let u(y) = -3*y**3 + 5*y**2 - 7*y + 2. Let m(g) = 4*g**3 - 6*g**2 + 8*g - 2. Let w(t) = 4*m(t) + 5*u(t). Let v be (0 - -4) + -3 - -1. Give w(v).
8
Let m(l) = 2*l - 34. Let o be m(18). Let u(w) = 0*w - 1 + 3 + 3*w - 4*w. Determine u(o).
0
Let z(u) be the first derivative of u**3/3 + 2*u - 1. Calculate z(3).
11
Let c(b) be the first derivative of -3*b**4/4 - 2*b**3/3 - b - 1. Let f be 3 + (363/(-77) - 4/14). Determine c(f).
15
Let h(c) be the third derivative of c**4/24 - 2*c**2. Let j(x) = 3*x - 14. Let u be j(5). What is h(u)?
1
Let y(t) = t + 2. Let i(q) = -q**2 + q + 1. Let u(l) = -i(l) + y(l). Suppose -3*b + 5*r - 5 = 2*b, -b - 7 = 5*r. Let p = 4 + b. Calculate u(p).
5
Let t = -3 + 2. Let y(m) = -3*m**3 + 2*m + 1. Calculate y(t).
2
Suppose 3*g + 3 = -15. Let t(y) = 1 - 2*y + y + 0*y. Let l(s) = 3*s - 8. Let h(b) = l(b) + 4*t(b). Calculate h(g).
2
Let w = 15 - 11. Suppose 28 = -w*d + 8. Let p(x) = x**3 + 6*x**2 + 5*x - 2. Give p(d).
-2
Let h(q) be the second derivative of q**2 + 0 - 1/60*q**5 + 1/6*q**3 + 2*q + 0*q**4. Let n(k) be the first derivative of h(k). Give n(0).
1
Suppose -3*v = -5*v + x - 31, 3*x = -2*v - 35. Let i = v - -11. Let b(n) = 4*n + 11. Let p(h) = -3*h - 10. Let s(g) = -4*b(g) - 5*p(g). Calculate s(i).
11
Suppose -4*t - 19 = n - 2*n, 2*t = -3*n + 1. Let z(i) = -i**2 - 2*i - 2. Determine z(t).
-10
Suppose 0 = x - b + 1, 4*x - x + 8 = -2*b. Let n be (1 + x)/(3/(-12)). Let s(z) = -6*z + 3 + 2*z - z + 4*z. Give s(n).
-1
Let m be 1 - (-4)/(1 - 2). Let y(k) be the third derivative of -k**5/60 - k**4/6 + k**3/3 + 20*k**2. Determine y(m).
5
Let w(p) = 4*p + 3. Let j(x) = -x**2 - 6*x + 8. Let k be j(-6). Suppose -5*z = k + 2. Calculate w(z).
-5
Suppose 3*c = c + 22. Let v = 12 - c. Let o(l) = -10*l - 1. Give o(v).
-11
Suppose -2*k + 16 = -4*d, 2*d = -2*k - 2*d. Let q be -6*(-1 - k/(-3)). Let l(r) = r**2 + 3*r + 1. Give l(q).
-1
Let s(b) = 3*b - 3. Let a be s(4). Suppose -1 - a = 5*v. Let o(k) = 2*k**2 + 2*k. Calculate o(v).
4
Let o(a) = 14*a. Let f(y) = 9*y. Let v(z) = 8*f(z) - 5*o(z). Suppose 1 + 1 = g. Calculate v(g).
4
Let g be 6/12 + 14/4. Suppose q + g*f + 2 = 0, 0 = -2*q + 3*f - f - 4. Let r = -1 + q. Let k(o) = -2*o**2 - 5*o - 2. Calculate k(r).
-5
Let a(v) = -10*v**2 + v. Let f be 4/18 - (-4)/(-18). Let z be -1*(-1 + 2 + f). Give a(z).
-11
Let q(d) be the first derivative of d**2/2 + 2*d - 1. Let h(v) = v**2 + 24*v + 72. Let i be h(-20). What is q(i)?
-6
Let v(o) = -2*o**3 + 2*o**3 + 5*o - o**3 + 3*o**2. Let h be (-24)/4*((-3)/(-9) + -1). Determine v(h).
4
Let u be (5 - 1)*(-3)/(-4). Let z(d) be the third derivative of 3*d**2 + 0 + 1/6*d**3 - 1/24*d**4 + 0*d. Give z(u).
-2
Let b = -6 + 4. Let g(q) = 2*q + 195*q**2 - 194*q**2 - 1 - q. What is g(b)?
1
Suppose -5*b + 0*b - 49 = -3*j, 5*j + 5*b = 15. Suppose 0 = 4*f - 4 + j. Let z = f + 0. Let g(a) = 4*a. What is g(z)?
-4
Let u = -3 + 9. Let z be 2/u - (-26)/(-6). Let o(s) = -5 + 0*s + 0*s - 2*s. Calculate o(z).
3
Suppose 2*v + 0 = 4. Let k(o) = -o**2 - o. Let h be k(0). Let y(i) = -i**3 + h*i**3 + i - v*i**2 + 1 + 2*i**3. Calculate y(2).
3
Let y(f) be the second derivative of 0*f**2 + 0 - 1/20*f**5 + 0*f**3 + 0*f**4 - 4*f. Give y(0).
0
Let d(m) = -2*m + 6*m**3 + 9*m**2 + 1 - 10 - 5*m - 7*m**3. Give d(8).
-1
Let w(h) be the second derivative of -h**3/6 + h**2/2 + h. Suppose -6 - 4 = 2*z. Determine w(z).
6
Suppose 10 = 223*w - 225*w. Let o(y) = 2*y - 1. Calculate o(w).
-11